 factors of j(4).
2251
Let k = 61 + 4054. What are the prime factors of k?
5, 823
Let v = 6 + -9. Let y(q) = -4*q**2 + 8*q**2 + 2*q - 1 - 488*q**3 + 487*q**3. What are the prime factors of y(v)?
2, 7
Suppose p = 2*r - 1279, 4*r - 6*r - 4*p = -1284. List the prime factors of r.
2, 5
Suppose 4*i = 5*i - 3. Suppose i*r + w = 97, -3*w = -0*w + 15. List the prime factors of r.
2, 17
Let v be 8/(-6) - 22/(-3). Suppose v*k = -44 + 278. What are the prime factors of k?
3, 13
Let z be -2 + (-2 - 0) + 3. What are the prime factors of 33*(4 - (3 + z))?
2, 3, 11
Let u(h) be the second derivative of h**4/4 - 3*h**3/2 - 2*h**2 - 4*h. What are the prime factors of u(5)?
2, 13
Suppose 52*d - 4428 = 43*d. What are the prime factors of d?
2, 3, 41
Let h be (3 - 1)/(-3 - 723/(-240)). Let v = -109 + h. What are the prime factors of v?
3, 17
Suppose -2*f - 5*u = -2*u - 2, 2*f = u - 14. Let q be (f + 1010)*(-1 + -1). List the prime factors of 4/(-18) - q/54.
37
Suppose -22*y = -47*y + 30650. What are the prime factors of y?
2, 613
Let c(b) = -b**2 - 18*b + 14. Let d(t) = t**2 + 18*t - 14. Let m(k) = 4*c(k) + 5*d(k). What are the prime factors of m(7)?
7, 23
Let g(j) = j**2 + 8*j + 5. Let h be g(-5). Let a(b) = -5*b - 5*b + 5 - 11*b**2 - b**3 - b - 1. What are the prime factors of a(h)?
2, 7
Suppose 14*t = 12*t + 6. Suppose -318 = -t*g - 3*h, -5*h = -3*g + 6*g - 322. What are the prime factors of g?
2, 13
List the prime factors of 2/(-18)*2 + 26088/27.
2, 3, 7, 23
Let l = 17 + 828. What are the prime factors of l?
5, 13
Suppose 19 = -3*f + 4*p, 7*p = 2*f + 11*p + 6. List the prime factors of (-11)/((1 + f)/12).
3, 11
Let j = -4 - -4. Suppose 0*p - p - 3*r - 15 = j, r = 4*p - 5. Suppose -23 = -k - p*k. List the prime factors of k.
23
Let u(m) = -4*m - 6. Let s be u(-5). Let j = s + -17. Let x(o) = -7*o + 2. What are the prime factors of x(j)?
23
Let q be 47/(0 - -4 - 3). Let w be 2/((-6)/9) + q. Let y = -26 + w. List the prime factors of y.
2, 3
Suppose -5*o - 14 = -59. What are the prime factors of 4/12 + 294/o?
3, 11
Let u(c) = 16*c**2 - 4*c + 3. Suppose 5*i = -3*j - 14, -3*j - i + 2 = -0*j. List the prime factors of u(j).
59
Suppose -3*k + 972 = -9*z + 6*z, -4*k = 3*z - 1282. What are the prime factors of k?
2, 7, 23
List the prime factors of (-4)/(-1) - (29 + -1546).
3, 13
Let b = 77 - 28. Let i = b + -27. What are the prime factors of i?
2, 11
Suppose 5*h - 2378 = 1257. What are the prime factors of h?
727
Let j = 79 + -119. Let p be j/(-6) + (-12)/18. List the prime factors of 8*(3/p)/1.
2
What are the prime factors of 1545/(-135) + 11 + 11092/9?
2, 7, 11
Let k be (-1)/(-7) - (-220)/77. Suppose 0 = l + 4*g - 51, 10 = k*g + 1. What are the prime factors of l?
3, 13
Suppose -20*n = 10*n - 30300. List the prime factors of n.
2, 5, 101
Let v(i) = -2*i + 289. List the prime factors of v(-36).
19
Suppose -2*y = -5*c + 424, -2*c + 2*y + 175 = 3*y. Let n = c - 51. Suppose -3*r + 18 = 2*t - n, -5*r + 55 = -5*t. List the prime factors of r.
3, 5
Let b(a) = -5*a + 4. Let t(p) = 16*p - 12. Let c(d) = -14*b(d) - 4*t(d). List the prime factors of c(6).
2, 7
What are the prime factors of (-11)/((-110)/(-36))*(8 + -88)?
2, 3
Let a = -4 - -6. Suppose 0*d = -d + a. Suppose -3 = d*q - 47. List the prime factors of q.
2, 11
Let o = 539 - -480. What are the prime factors of o?
1019
Let h(y) = -2*y**3 - 12*y**2 + 9*y - 10. Suppose -v - 4*v + 70 = 0. Suppose -v = 5*c - 3*c. What are the prime factors of h(c)?
5
Let t(c) = -8*c - 40. Let y be t(-17). Suppose -23 = -7*i + y. What are the prime factors of i?
17
Suppose -17*v + 15*v + 1662 = 0. What are the prime factors of v?
3, 277
Suppose 3*n + n + 28 = 0. Let t = n - -42. List the prime factors of t.
5, 7
Suppose 0 = -5*g - 66 + 86. Suppose 109 = g*r - 895. What are the prime factors of r?
251
Let n(f) = f**2 - 9*f + 20. Let j be n(8). Let m be 27/6 - j/(-8). Suppose 52 = i - 4*r, 2*r = -3*i + m*r + 132. What are the prime factors of i?
2, 5
Let y(z) = -z + 5. Let s be y(3). Suppose -j - q + 25 = 4, -84 = -5*j + s*q. Let h = 17 + j. List the prime factors of h.
5, 7
Suppose -2*w = -4*w - 2, 4*d = -2*w + 130. Let n = 69 - d. List the prime factors of n.
2, 3
Let m = 6 + -8. Let h be 21 + m + (-2 - -5). Let s = 31 - h. What are the prime factors of s?
3
Let o(t) = -t**3 + 6*t**2 + 6*t - 8. Let l be o(7). Let m be 2*(l/6 + 2). List the prime factors of (3 + -25)*1*m.
2, 11
Suppose 4*a + v + 2*v = -40, -a + 5*v = 10. What are the prime factors of ((-262)/(-8) - 1) + a/(-40)?
2
Let r(d) = d**2 + 22*d - 125. List the prime factors of r(-57).
2, 5, 11, 17
Let x = -146 + 383. Let s = x - 153. Suppose w + s = 3*a, 4*a + 12 = 5*a + 5*w. What are the prime factors of a?
3
Suppose 0 = -4*j + 2579 + 2737. Suppose 0 = -10*v - j + 4249. List the prime factors of v.
2, 73
Let f be (-37)/(-7) + 2/(-7). Suppose -3*a + 3*c = f*c - 157, -4*a = 3*c - 211. What are the prime factors of a?
7
Suppose 0 = 2*d - 5*j - 3147, 5*j + 1476 = -3*d + 6184. Suppose 4*b + 535 = d. What are the prime factors of b?
7, 37
Let v(g) = -7*g + 8. Let t(z) = 12*z - 15. Let n(m) = 4*t(m) + 7*v(m). Suppose 0*l = 2*l + 12. List the prime factors of n(l).
2
Let i = -12 + -3. List the prime factors of 2 + 0 + 17 + i.
2
Suppose -2*j = j + 15. Let c(s) = 4*s**2 + 9*s + 6. What are the prime factors of c(j)?
61
Suppose -3*v - 3942 = 2*s - 7*s, -s + 774 = 3*v. List the prime factors of s.
2, 3, 131
Let l = -26 + 28. Let v(p) = 29*p - 5. What are the prime factors of v(l)?
53
List the prime factors of 12825/30*(-12)/(-9).
2, 3, 5, 19
What are the prime factors of (2 - 1)/((209/(-16522))/(-19))?
2, 751
Let y = 303 + -183. List the prime factors of y.
2, 3, 5
Let q be -17 - (-5 - -1)*15/20. Let n = -51 + 75. Let v = q + n. What are the prime factors of v?
2, 5
Let i = 175 + -114. What are the prime factors of i?
61
What are the prime factors of (-179)/(5 + (-33)/6)?
2, 179
Suppose -5*a + 2 = -4*a. Suppose -a*v = -3*v + 52. What are the prime factors of v?
2, 13
Let j(a) = -a**2 + a + 11. Let w be j(-3). What are the prime factors of 43 + (w - 1 - 2)?
3, 13
Let z(h) = 147*h + 189. What are the prime factors of z(12)?
3, 7, 31
Suppose 0*m = -4*m + 12. Suppose 258 = -m*b + 5*b. What are the prime factors of b?
3, 43
Let c(u) = -u**3 - 4*u**2 + 6*u + 1840. List the prime factors of c(0).
2, 5, 23
Let c(y) = y**3 + 9*y**2 - 2*y + 5. Let k(t) = -11*t - 3 + 4 + 5*t + 2. Let n be k(2). List the prime factors of c(n).
23
Suppose v = 2*v - 3*d - 14, -2*v + 28 = 5*d. Let q = v + 76. List the prime factors of q.
2, 3, 5
Suppose -69332 + 5176 = -43*y. What are the prime factors of y?
2, 373
Suppose v - 15 = -4*v. Let t be v + 0 + 2/(-2). What are the prime factors of 0 + t + 4 - 1?
5
Suppose -5 - 40 = -9*m. Suppose 3*u + u = 5*j - 1237, -m*j + u = -1243. What are the prime factors of j?
3, 83
Suppose 0 = -5*g + 5 + 5. Suppose -3*j - i + 3 + 2 = 0, 2*j = -g*i + 10. Suppose o + 3 - 5 = j, -5*b + 3*o + 59 = 0. What are the prime factors of b?
13
Suppose 10*a = 5*a + 15. Suppose a*t - 6*t = -6. What are the prime factors of 2 + 68/8*t?
19
Suppose 20*b = 26*b - 5820. What are the prime factors of b?
2, 5, 97
Let w(b) = 33*b**2 + 8*b + 1. Let y be w(-5). Suppose 0*q = -g + 2*q + 264, -y = -3*g + 3*q. What are the prime factors of g?
2, 5, 13
Let s(j) = -20*j**2 - 32*j - 35. Let m(x) = 7*x**2 + 11*x + 12. Let n(y) = -17*m(y) - 6*s(y). List the prime factors of n(-6).
2, 3
Suppose 5*y + 4*c = 7*c + 21155, 0 = -4*y - 3*c + 16951. What are the prime factors of y?
2, 29, 73
Suppose -8*w - 300 - 188 = 0. Let s = -38 + 124. Let g = w + s. What are the prime factors of g?
5
Suppose -89*z = -85*z - 1368. List the prime factors of z.
2, 3, 19
Let w = -37 - -53. Suppose -9*m + w = -5*m. Let d(i) = i**3 - 5*i**2 + 6*i - 6. List the prime factors of d(m).
2
Suppose 5*z - 55 = 5*t, -2*z - 2*t = -3*z + 12. Suppose -2*x = -z, -3*v - 3*x - 5 + 170 = 0. What are the prime factors of v?
2, 5
List the prime factors of (6 - -3) + 35 + 3020.
2, 383
Suppose -13*d = -18*d + 500. Suppose -g - 3*n + d = 0, -79 = -g - 2*n + 19. What are the prime factors of g?
2, 47
Suppose 39*f - 50*f + 1496 = 0. List the prime factors of f.
2, 17
Suppose 2*s + 44 = 6*s. Let l = s + -12. List the prime factors of ((-24)/(-30))/(l/(-30)).
2, 3
